(x) = 237*x**2 - 2800*x + 8090. What is u(5)?
15
Let j(y) = -2*y**3 + 121*y**2 + 2506*y - 101. What is j(77)?
-2796
Let t(w) = 84262*w - 590282. Give t(7).
-448
Let s(p) = 2*p**3 - p**2 - 217*p - 26. Determine s(-13).
-1768
Let u(f) = 511*f**2 - 156873*f - 291. Calculate u(307).
937
Let j(f) = f**2 + 1453*f + 86246. What is j(-62)?
4
Let w(c) = -c**2 - 217*c - 10866. Determine w(-137).
94
Let j(s) = 2716*s**2 + 24457*s + 130. Determine j(-9).
13
Let s(q) = -19959*q + 658636. Determine s(33).
-11
Let w(b) = -b**3 - 157*b**2 + 221*b + 10035. What is w(-158)?
81
Let a(d) = 5*d**2 - 1382*d + 71946. Calculate a(207).
117
Let s(r) = -r**3 - 12*r**2 - 166*r - 655. Calculate s(-5).
0
Let h(b) = -54*b**2 - 7344*b - 678. Give h(-136).
-678
Let y(u) = 2*u**3 + 206*u**2 - 1556*u - 1501. Determine y(-110).
259
Let m(n) = -5*n**3 + 188*n**2 + 271*n + 75. What is m(39)?
-3
Let q(d) = 4624*d + 198825. Give q(-43).
-7
Let m(b) = 2*b**3 - 6*b**2 - 96*b - 147. Calculate m(-5).
-67
Let m(i) = -i**3 + 71*i**2 - 17*i + 1245. Determine m(71).
38
Let g(z) = 399*z + 4748. What is g(-10)?
758
Let d(b) = 8280*b + 397433. What is d(-48)?
-7
Let w(i) = -i**3 - 7*i**2 - 1266*i - 11567. What is w(-9)?
-11
Let z(o) = 7*o**3 + 513*o**2 + 123*o - 1641. Give z(-73).
38
Let z(u) = 22*u**2 - 347*u + 1030. What is z(3)?
187
Let b(i) = 6*i**2 - 38415*i + 38418. Determine b(1).
9
Let i(k) = 91*k**3 - 265*k**2 + 28*k - 30. Give i(5).
4860
Let u(t) = -81*t + 10522. Determine u(133).
-251
Let q(a) = 36*a**2 - 151*a + 267. Determine q(2).
109
Let a(v) = v**3 + 2*v**2 + 15*v + 29. What is a(9)?
1055
Let m(v) = 7527*v + 1798947. Determine m(-239).
-6
Let v(q) = 2*q**2 - 6944*q + 5810906. What is v(1407)?
-4
Let g(h) = -h**2 - 778*h + 297580. What is g(281)?
1
Let a(b) = -b**3 + 639*b**2 - 2477*b - 40006. Determine a(635).
-1
Let d(j) = -j**3 - 57*j**2 + 21*j + 1224. What is d(-57)?
27
Let q(z) = -6*z**3 - z**2 + 247*z - 1452. What is q(6)?
-1302
Let p(z) = z**3 - 98*z**2 + 10773*z - 80422. Give p(8).
2
Let f(w) = w**3 - 12*w**2 - 261*w + 3183. Calculate f(14).
-79
Let q(k) = 34*k**2 - 2221*k + 10890. What is q(60)?
30
Let w(j) = -3*j**3 - 18*j**2 + 35*j - 15. Determine w(-8).
89
Let o(y) = -35*y**2 - 1470*y + 10019. Calculate o(6).
-61
Let w(u) = 8*u**2 + 62*u - 284. Give w(-11).
2
Let p(w) = 7096*w - 1759913. Calculate p(248).
-105
Let l(r) = -496553*r - 1489590. What is l(-3)?
69
Let u(r) = 1456*r + 4752. Determine u(-3).
384
Let d(p) = -2*p**2 - 80210*p - 801889. Give d(-10).
11
Let d(c) = 44536*c + 356304. Determine d(-8).
16
Let n(u) = 3*u**2 - 15861*u + 441761. Give n(28).
5
Let n(l) = 2*l**2 + 181*l + 1871. Calculate n(-81).
332
Let x(c) = -7*c**3 + 2199*c**2 - 305*c - 3449. Give x(314).
-623
Let p(m) = 5*m**2 + 9061*m - 27237. Give p(3).
-9
Let a(z) = -383*z + 4334. What is a(11)?
121
Let c(j) = 14*j**2 - 8213*j - 11168. Give c(588).
4
Let i(v) = 2*v**2 + 362*v - 723. Calculate i(-188).
1909
Let v(a) = -68*a**2 - 1387*a - 53. Calculate v(-20).
487
Let u(f) = 160*f**3 + 33*f**2 + 31*f. What is u(-1)?
-158
Let m(s) = 9*s**3 - 98*s**2 + 53*s - 696. Calculate m(11).
8
Let n(x) = 3715041*x - 22290250. Determine n(6).
-4
Let t(l) = l**3 + 193*l**2 + 7587*l - 172. Give t(-55).
-7
Let m(d) = -126*d**3 + 8*d**2 - 71*d + 139. Determine m(2).
-979
Let o(u) = -629*u**2 + 28930*u + 130. What is o(46)?
-54
Let g(j) = -13*j**3 + 6*j**2 + 189*j + 9. Calculate g(-8).
5537
Let a(s) = 262273*s + 6819134. What is a(-26)?
36
Let b(o) = 6312*o + 44. Calculate b(0).
44
Let i(l) = 4851*l - 53729. Calculate i(11).
-368
Let b(l) = 3*l**3 - 84*l**2 - 643*l + 19. Give b(-11).
-7065
Let k(b) = 2*b**2 - 187*b - 22945. What is k(-70)?
-55
Let z(f) = 75*f**2 + 53024*f - 661. Give z(-707).
46
Let z(w) = 10*w**2 + 12*w - 534. Give z(19).
3304
Let u(a) = 8*a**3 + 792*a**2 - 10*a - 1577. Determine u(-99).
-587
Let j(g) = 4*g**2 - 112*g + 41. Give j(25).
-259
Let g(i) = -277*i + 4944. Determine g(19).
-319
Let g(n) = 378864*n - 1136586. Calculate g(3).
6
Let r(v) = v**3 - 543*v**2 + 63613*v - 375. Determine r(372).
-3
Let i(o) = 28*o**3 + 6048*o**2 - 3*o - 493. Calculate i(-216).
155
Let x(s) = -2*s**3 + 582*s**2 - 2481*s - 108395. Calculate x(286).
-1
Let a(d) = -613*d**2 + 224973*d - 738. What is a(367)?
-4
Let h(w) = 2*w**2 - 50*w - 2680. Give h(52).
128
Let r(l) = -23*l**2 - 361*l - 1210. Give r(-11).
-22
Let h(p) = -1113*p - 31149. Calculate h(-28).
15
Let g(x) = -96564*x + 3186604. Determine g(33).
-8
Let s(r) = -402*r - 5159. What is s(-15)?
871
Let i(o) = -o**2 + 124*o - 4123. Determine i(61).
-280
Let x(z) = -8*z**3 - 140*z**2 - 67*z + 54. Determine x(-17).
37
Let r(s) = 3*s**3 - 305*s**2 + 139*s - 24590. Give r(102).
-8
Let i(l) = -13*l**3 - 813*l**2 + 371*l - 411. Give i(-63).
30
Let d(n) = n**3 - 83*n**2 + 1068*n - 3629. What is d(6)?
7
Let o(m) = -553*m**2 + 2150*m + 15. What is o(4)?
-233
Let b(u) = -18*u**2 + 313*u - 1571. Give b(5).
-456
Let r(q) = -15*q**2 - 1016*q - 12187. Determine r(-12).
-2155
Let s(c) = 4*c + 451. Determine s(37).
599
Let t(n) = n**3 - 93*n**2 - 366*n + 99. What is t(97)?
2233
Let y(j) = 8*j**3 + 2*j**2 + 69*j - 43. Give y(0).
-43
Let r(n) = -7*n**3 - 53*n**2 + 24*n - 23. Calculate r(-8).
-23
Let w(l) = -6*l**2 - 141*l - 426. Calculate w(-3).
-57
Let t(x) = -x**3 - 20*x**2 + 827*x + 16604. Determine t(-20).
64
Let y(b) = -5*b**3 - 21*b**2 + 390*b + 1850. Give y(-5).
0
Let s(b) = 1484*b**2 - 28158*b - 635. What is s(19)?
87
Let h(k) = 19121*k + 707460. Calculate h(-37).
-17
Let j(n) = 1943*n - 299449. Determine j(154).
-227
Let w(c) = 44*c**2 - 960*c + 18. Determine w(21).
-738
Let s(r) = -57308*r - 114702. What is s(-2)?
-86
Let c(u) = -221*u + 1801. Determine c(9).
-188
Let w(y) = -142750*y - 27550752. Give w(-193).
-2
Let t(i) = -25*i**2 - 27208*i - 8702. Determine t(-1088).
2
Let g(i) = -i**3 + 70*i**2 - 379*i + 3648. Determine g(65).
138
Let x(t) = 3*t**3 + 12*t**2 + 6200*t + 50382. Determine x(-8).
14
Let u(p) = -2*p**3 - 104*p**2 - 194*p - 4743. What is u(-51)?
-51
Let i(u) = u**3 - 93*u**2 - 277*u - 1537. Calculate i(96).
-481
Let s(j) = -6461*j + 103393. Calculate s(16).
17
Let z(d) = -25*d**2 - 529*d + 328. Give z(-22).
-134
Let n(g) = -53*g + 298. Determine n(-8).
722
Let q(g) = 195*g**2 + 7775*g - 991. Determine q(-40).
9
Let v(s) = 316*s + 67141. Give v(-214).
-483
Let y(o) = 24853*o + 3255735. Calculate y(-131).
-8
Let u(c) = -86*c + 11324. Determine u(131).
58
Let w(n) = 950724*n + 12359408. What is w(-13)?
-4
Let a(j) = -j**2 + 1146*j + 13864. Give a(-12).
-32
Let r(b) = -2*b**3 + 10*b**2 + 421*b - 593. Determine r(-13).
18
Let u(w) = 30489*w + 3506237. What is u(-115)?
2
Let y(f) = f**3 - 117*f**2 - 2145*f - 3817. Determine y(-2).
-3
Let i(p) = -5*p**3 - 104*p**2 + 30*p - 93. Calculate i(-20).
-2293
Let x(q) = -257*q - 60374. Calculate x(-235).
21
Let m(j) = -j**3 + 42*j**2 - 23*j - 76. What is m(42)?
-1042
Let d(s) = 133*s**2 + 1295*s - 103. What is d(-10)?
247
Let u(l) = 5265*l + 37703. What is u(-7)?
848
Let w(h) = 20*h**2 + 258*h - 570. What is w(9)?
3372
Let y(v) = -v**3 + 9*v**2 + 18*v + 6. Determine y(-6).
438
Let i(l) = 1638*l - 34466. Determine i(21).
-68
Let m(b) = -557*b + 11737. Determine m(21).
40
Let i(l) = -1034*l - 49531. What is i(-48)?
101
Let f(p) = 23*p**2 - 351*p + 323. Give f(1).
-5
Let b(o) = 5*o**3 + 113*o**2 - 17*o - 3899. Determine b(-21).
-14
Let x(u) = 5*u**3 - 294*u**2 + 233*u - 126. Calculate x(58).
-68
Let r(t) = -t**3 + 68*t**2 - 730*t + 3242. Calculate r(56).
-6
Let l(c) = 4*c**3 + 924*c**2 - 9*c - 1585. Determine l(-231).
494
Let b(v) = 3829*v + 371408. Determine b(-97).
-5
Let n(z) = 32607*z - 228359. What is n(7)?
-110
Let y(n) = 2*n**2 - 203*n + 5070. Calculate y(58).
24
Let p(l) = -217*l - 6185. What is p(-29)?
108
Let w(t) = -3*t**2 - 3784*t - 34139. Calculate w(-9).
-326
Let a(o) = -2834*o - 133160. What is a(-47)?
38
Let y(q) = 134*q + 1743. What is y(-23)?
-1339
Let g(v) = 1199*v + 552679. What is g(-461)?
-60
Let d(h) = 12*h**3 - 10*h**2 - 19*h - 43. Give d(-6).
-2881
Let t(s) = 1485*s + 47397. What is t(-32)?
-123
Let v(x) = -24736*x - 321595. What is v(-13)?
-27
Let y(u) = u**3 - 186*u**2 - 2795*u + 57. Calculate y(-14).
-13
Let a(x) = -99*x**2 + 35940*x - 1097. What is a(363)?
-8
Let w(p) = -p**2 - 5512*p - 64825